{"id":9,"date":"2019-11-25T22:48:30","date_gmt":"2019-11-25T21:48:30","guid":{"rendered":"https:\/\/iuconference.org\/2020\/?page_id=9"},"modified":"2021-03-09T14:24:50","modified_gmt":"2021-03-09T13:24:50","slug":"home","status":"publish","type":"page","link":"http:\/\/iuconference.org\/2020\/","title":{"rendered":"Home"},"content":{"rendered":"\r\n<p>&nbsp;<\/p>\r\n<figure class=\"wp-block-image size-large\"><img loading=\"lazy\" class=\"alignnone size-full wp-image-120\" src=\"http:\/\/iuconference.org\/2020\/wp-content\/uploads\/2021\/03\/Phare-de-lesperance_2021.jpg\" alt=\"\" width=\"1024\" height=\"683\" srcset=\"http:\/\/iuconference.org\/2020\/wp-content\/uploads\/2021\/03\/Phare-de-lesperance_2021.jpg 1024w, http:\/\/iuconference.org\/2020\/wp-content\/uploads\/2021\/03\/Phare-de-lesperance_2021-300x200.jpg 300w, http:\/\/iuconference.org\/2020\/wp-content\/uploads\/2021\/03\/Phare-de-lesperance_2021-768x512.jpg 768w\" sizes=\"(max-width: 1024px) 100vw, 1024px\" \/><img class=\"wp-image-70\" src=\"https:\/\/iuconferences.org\/2020\/wp-content\/uploads\/2020\/01\/Phare-de-lesp\u00e9rance_2021.jpg\" alt=\"\" \/><\/figure>\r\n\r\n<h2>C&rsquo;est quoi IUIC ?<\/h2>\r\n<p>Appel \u00e0 contribution au th\u00e8me Foi, Science et D\u00e9veloppement.<br \/>La question de la science et de la religion a toujours \u00e9t\u00e9 pr\u00e9sent\u00e9e comme des concepts antagonistes. L\u2019un est consid\u00e9r\u00e9 comme facteur de d\u00e9veloppement et l\u2019autre comme inhibant les initiatives d\u2019innovations. En effet, la foi a \u00e9t\u00e9 \u00e9vacu\u00e9e tr\u00e8s t\u00f4t des disciplines acad\u00e9miques et rel\u00e9gu\u00e9e au rang des forces r\u00e9trogrades \u00e0 la science et au d\u00e9veloppement. Cependant, si l\u2019homme est mis au centre du d\u00e9veloppement, il convient alors de mettre au c\u0153ur de l\u2019analyse, les essences premi\u00e8res de l\u2019humain que sont, son environnement, sa culture et ses croyances. La science a souvent donn\u00e9 une apparence de solidit\u00e9 et de confiance en soi, alors que la foi religieuse semble avoir c\u00e9d\u00e9 du terrain face \u00e0 cette m\u00eame connaissance scientifique. Il est fort bien important que la science joue son r\u00f4le d\u2019\u00e9claireur et que la foi assigne \u00e0 la science sa juste place. Implicitement, la science et la foi ont le m\u00eame but, celui de montrer la v\u00e9rit\u00e9. Ainsi cette v\u00e9rit\u00e9 lib\u00e8re, par cons\u00e9quent conduit au progr\u00e8s en d\u2019autres termes le d\u00e9veloppement. C\u2019est dans cette logique que nous fondons l\u2019hypoth\u00e8se selon laquelle la foi et la science restent compl\u00e9mentaires.<br \/>A regarder les performances de certaines r\u00e9gions de nos jours, l\u2019on constate avec d\u00e9solation qu\u2019elles demeurent toujours en proie \u00e0 de nombreux probl\u00e8mes de d\u00e9veloppement, qu\u2019elles peinent \u00e0 satisfaire de fa\u00e7on ad\u00e9quate les besoins les plus \u00e9l\u00e9mentaires des populations. Et pourtant elles disposent de nombreux atouts pour r\u00e9pondre aux attentes de ses habitants !<br \/>La particularit\u00e9 de ce colloque r\u00e9side dans la place accord\u00e9e aux probl\u00e9matiques de d\u00e9veloppement et en lien avec la foi et la science. Il offre donc, l\u2019opportunit\u00e9 aux diff\u00e9rentes cat\u00e9gories d\u2019acteurs de se r\u00e9unir, d\u2019asseoir un \u00e9change ouvert et prospectif, de partager leurs connaissances, de s\u2019enrichir de leurs mutuelles exp\u00e9riences et d\u2019apporter leur contribution \u00e0 la compr\u00e9hension des grandes pr\u00e9occupations spirituelles, socio\u00e9conomiques et politiques contemporaines.<br \/>Ce colloque se penchera sur les questions suivantes :<br \/>\u2022 Comment les universitaires peuvent ils repenser l\u2019interaction foi, Sciences et D\u00e9veloppement en partant des contextes sp\u00e9cifiques aux diff\u00e9rents champs de recherches acad\u00e9miques ?<br \/>\u2022 Quels sont les d\u00e9fis inh\u00e9rents \u00e0 l\u2019exercice de la foi dans les diff\u00e9rents domaines scientifiques ?<\/p>\r\n<h2>Th\u00e8me de 2021: \u00a0Sciences, Foi et D\u00e9veloppement<\/h2>\r\n<p>Les chercheurs sont encourag\u00e9s \u00e0 soumettre des travaux pouvant engager le dialogue Foi et d\u00e9veloppement dans les disciplines suivantes :<\/p>\r\n<h3>Sciences sociales\u00a0<\/h3>\r\n<h3>Lettres sciences humaines\u00a0<\/h3>\r\n<h3><b>Sciences de l\u2019ing\u00e9nieur<\/b><\/h3>\r\n<h3>Sciences fondamentales\u00a0<\/h3>\r\n<h3>Sciences \u00e9conomiques, gestion\u00a0<\/h3>\r\n<h3>Sciences naturelles agronomiques\u00a0<\/h3>\r\n<h3>Sciences juridiques<\/h3>","protected":false},"excerpt":{"rendered":"<p>C&rsquo;est quoi IUIC ? Appel \u00e0 contribution au th\u00e8me Foi, Science et D\u00e9veloppement.La question de la science et de la<\/p>\n","protected":false},"author":1,"featured_media":0,"parent":0,"menu_order":0,"comment_status":"closed","ping_status":"closed","template":"","meta":[],"_links":{"self":[{"href":"http:\/\/iuconference.org\/2020\/wp-json\/wp\/v2\/pages\/9"}],"collection":[{"href":"http:\/\/iuconference.org\/2020\/wp-json\/wp\/v2\/pages"}],"about":[{"href":"http:\/\/iuconference.org\/2020\/wp-json\/wp\/v2\/types\/page"}],"author":[{"embeddable":true,"href":"http:\/\/iuconference.org\/2020\/wp-json\/wp\/v2\/users\/1"}],"replies":[{"embeddable":true,"href":"http:\/\/iuconference.org\/2020\/wp-json\/wp\/v2\/comments?post=9"}],"version-history":[{"count":16,"href":"http:\/\/iuconference.org\/2020\/wp-json\/wp\/v2\/pages\/9\/revisions"}],"predecessor-version":[{"id":124,"href":"http:\/\/iuconference.org\/2020\/wp-json\/wp\/v2\/pages\/9\/revisions\/124"}],"wp:attachment":[{"href":"http:\/\/iuconference.org\/2020\/wp-json\/wp\/v2\/media?parent=9"}],"curies":[{"name":"wp","href":"https:\/\/api.w.org\/{rel}","templated":true}]}}

<p>&nbsp;</p>
<figure class="wp-block-image size-large"><img loading="lazy" class="alignnone size-full wp-image-120" src="http://iuconference.org/2020/wp-content/uploads/2021/03/Phare-de-lesperance_2021.jpg" alt="" width="1024" height="683" srcset="http://iuconference.org/2020/wp-content/uploads/2021/03/Phare-de-lesperance_2021.jpg 1024w, http://iuconference.org/2020/wp-content/uploads/2021/03/Phare-de-lesperance_2021-300x200.jpg 300w, http://iuconference.org/2020/wp-content/uploads/2021/03/Phare-de-lesperance_2021-768x512.jpg 768w" sizes="(max-width: 1024px) 100vw, 1024px" /><img class="wp-image-70" src="https://iuconferences.org/2020/wp-content/uploads/2020/01/Phare-de-lespérance_2021.jpg" alt="" /></figure>

<h2>C&rsquo;est quoi IUIC ?</h2>
<p>Appel à contribution au thème Foi, Science et Développement.<br />La question de la science et de la religion a toujours été présentée comme des concepts antagonistes. L’un est considéré comme facteur de développement et l’autre comme inhibant les initiatives d’innovations. En effet, la foi a été évacuée très tôt des disciplines académiques et reléguée au rang des forces rétrogrades à la science et au développement. Cependant, si l’homme est mis au centre du développement, il convient alors de mettre au cœur de l’analyse, les essences premières de l’humain que sont, son environnement, sa culture et ses croyances. La science a souvent donné une apparence de solidité et de confiance en soi, alors que la foi religieuse semble avoir cédé du terrain face à cette même connaissance scientifique. Il est fort bien important que la science joue son rôle d’éclaireur et que la foi assigne à la science sa juste place. Implicitement, la science et la foi ont le même but, celui de montrer la vérité. Ainsi cette vérité libère, par conséquent conduit au progrès en d’autres termes le développement. C’est dans cette logique que nous fondons l’hypothèse selon laquelle la foi et la science restent complémentaires.<br />A regarder les performances de certaines régions de nos jours, l’on constate avec désolation qu’elles demeurent toujours en proie à de nombreux problèmes de développement, qu’elles peinent à satisfaire de façon adéquate les besoins les plus élémentaires des populations. Et pourtant elles disposent de nombreux atouts pour répondre aux attentes de ses habitants !<br />La particularité de ce colloque réside dans la place accordée aux problématiques de développement et en lien avec la foi et la science. Il offre donc, l’opportunité aux différentes catégories d’acteurs de se réunir, d’asseoir un échange ouvert et prospectif, de partager leurs connaissances, de s’enrichir de leurs mutuelles expériences et d’apporter leur contribution à la compréhension des grandes préoccupations spirituelles, socioéconomiques et politiques contemporaines.<br />Ce colloque se penchera sur les questions suivantes :<br />• Comment les universitaires peuvent ils repenser l’interaction foi, Sciences et Développement en partant des contextes spécifiques aux différents champs de recherches académiques ?<br />• Quels sont les défis inhérents à l’exercice de la foi dans les différents domaines scientifiques ?</p>
<h2>Thème de 2021:  Sciences, Foi et Développement</h2>
<p>Les chercheurs sont encouragés à soumettre des travaux pouvant engager le dialogue Foi et développement dans les disciplines suivantes :</p>
<h3>Sciences sociales </h3>
<h3>Lettres sciences humaines </h3>
<h3><b>Sciences de l’ingénieur</b></h3>
<h3>Sciences fondamentales </h3>
<h3>Sciences économiques, gestion </h3>
<h3>Sciences naturelles agronomiques </h3>
<h3>Sciences juridiques</h3>

<p>C&rsquo;est quoi IUIC ? Appel à contribution au thème Foi, Science et Développement.La question de la science et de la</p>
